13 - v. List the prime factors of l.
2, 3
Suppose 4*m - 12*m = 640. Let p = 84 + m. What are the prime factors of (p/6)/(1756/438 - 4)?
73
Let y = -146 - -150. What are the prime factors of (-19)/(y/40*-2)?
5, 19
Let u(t) = -14*t + 38. Suppose -3*v + 3*x - 18 = x, 5*v = -x - 43. List the prime factors of u(v).
2, 3, 5
Let l = 47541 - 30866. What are the prime factors of l?
5, 23, 29
Let q = 5408 - 4138. What are the prime factors of q?
2, 5, 127
Let h(n) = n**3 - 15*n**2 + 14*n - 34. Let v be h(14). Let t = 43 + v. Let c = t + -5. List the prime factors of c.
2
Let n(o) = 58*o**2 - 1. Let x(p) = -p**3 + 6*p**2 + 3*p - 19. Let i be x(7). Let d = i + 46. List the prime factors of n(d).
3, 19
Let i(h) = 6*h**2 + 87*h + 15. What are the prime factors of i(27)?
2, 3, 1123
Let y(b) = 3*b - 25. Let f be y(10). Let h(j) = 5*j**3 - 11*j**2 + 5*j - 2. List the prime factors of h(f).
373
Suppose -4*y + 170 = i, -3*y - 549 = -3*i - 2*y. Let o = 359 - i. What are the prime factors of o?
3, 59
Let d(r) = 101*r - 5650. What are the prime factors of d(107)?
3, 191
Suppose -2*f + 6*f = 8. Suppose -f*b = -3*b - 5*j + 84, -3*b = -2*j - 218. Suppose u - b - 81 = 0. What are the prime factors of u?
5, 31
Let n(k) = 635*k + 178. What are the prime factors of n(10)?
2, 3, 17
Suppose -11*u + 4*u = -14. Let j be (-2 + u - 0) + 0. Suppose 10*n - 110 = -j*n. What are the prime factors of n?
11
Suppose -d - 1 = 2*r - 2, -4*d - 6 = 3*r. Let h(w) = -2*w**3 + 2 + 60*w**2 - 55*w**r + w**3. What are the prime factors of h(3)?
2, 5
Let r(c) = 1055*c + 361. List the prime factors of r(5).
2, 1409
Suppose 0 = 2*t + 10, -3*t = u + t + 16. Let f be (-1 - u) + 13 + -3. Suppose -5*g + 0*k = 5*k - 750, g = f*k + 168. List the prime factors of g.
3, 17
Let l(q) = 57*q**2 + 46*q - 85. List the prime factors of l(22).
3, 5, 1901
Let n be (-9920)/(-260) + (-4)/26. Suppose n*o - 43*o = -2590. What are the prime factors of o?
2, 7, 37
Let a be (-6)/21 - (-112)/49. Let y be 24/(-1)*4/(-6). Suppose a*p - y = 42. What are the prime factors of p?
29
Suppose 3*m - 2*t - 63926 = 0, 14*t - 15*t - 63922 = -3*m. What are the prime factors of m?
2, 3, 53, 67
Let k(h) = h**3 - 62*h**2 - 229*h + 462. What are the prime factors of k(66)?
2, 3, 7, 11
Let j(g) = -443*g - 7. Let c(v) = 111*v + 1. Let m(a) = -9*c(a) - 2*j(a). What are the prime factors of m(-1)?
2, 59
Let z(b) = -b**2 - 7*b - 15. Let c be z(-7). What are the prime factors of (-7)/((-2)/(-10)*c/54)?
2, 3, 7
Suppose 1191502 = 142*w - 4*w - 1532204. List the prime factors of w.
3, 17, 43
Let h be (-1 + (-5)/25)/((-3)/380). Let t = h - 92. List the prime factors of t.
2, 3, 5
Let j be 171*-3*10/15. Let n = j + 482. List the prime factors of n.
2, 5, 7
Let i(q) = -4 + 58*q + 4 + 1. Let x be (1*(-4)/14)/((-1)/7). List the prime factors of i(x).
3, 13
Suppose 47 = -4*o + 55. Suppose a = -4*f + 6*a + 3493, 0 = o*a - 6. What are the prime factors of f?
877
Suppose 22*o = 15*o + 35. Suppose -17 = -o*m - 7. Suppose 3*h + 15 = 0, 2*s - 507 = -m*s - h. List the prime factors of s.
2
Let v be (9/((-18)/178))/((-2)/2). Let s = 444 - v. List the prime factors of s.
5, 71
Suppose 115210 = 20*k - 19246 - 312564. What are the prime factors of k?
7, 31, 103
Suppose -440 + 53 = -9*t. Suppose 10 = -48*q + t*q. List the prime factors of 1/q + 3243/46.
2, 5, 7
Let s(q) = -q**3 - 6*q**2 - 2*q - 5. Let u be s(-6). Suppose 0 = u*v - 10 - 4. Suppose 0 = v*z - 26 - 288. What are the prime factors of z?
157
Let h(i) = -29980*i - 1278. List the prime factors of h(-1).
2, 113, 127
Suppose 23 = -9*n - 31. Let x(v) = -8*v**3 - 8*v**2 + 21*v + 9. What are the prime factors of x(n)?
3, 7
Suppose -3*z - 5*z = 32. List the prime factors of 1840/(-12)*6/z.
2, 5, 23
Let q(h) = h**3 - 11*h**2 - 10*h - 49. Let y be q(17). Suppose -26709 - y = -14*r. What are the prime factors of r?
2, 3, 7
Let k = -40 + 24. Let g be (-1)/3 + k/6. List the prime factors of g/((-2)/88*6).
2, 11
Let d = 9315 - 6338. What are the prime factors of d?
13, 229
Let p be -2 + (24/(-20))/((-3)/(-15)). Suppose g = -0*g + 1. What are the prime factors of (g/p*2)/(10/(-2120))?
53
Let z(q) be the third derivative of q**5/30 + q**4/24 + 4*q**3 - 63*q**2. List the prime factors of z(-10).
2, 107
Suppose -15 = -8*r + 1. Let n(c) = 6 + 23 + 5*c**3 - 6*c**r - 11*c**3 - 12*c + 7*c**3. What are the prime factors of n(8)?
61
Let b(p) = 20*p**2 + 20*p - 61. Let a be b(7). Let s = -892 + a. What are the prime factors of s?
167
Let j = 28764 + -2420. List the prime factors of j.
2, 37, 89
Suppose s + 5*s = 630. Let a be (-59)/5 + 3*(-7)/s. Let n(u) = -u**3 - 12*u**2 - 6*u + 13. What are the prime factors of n(a)?
5, 17
Let l = 146 - 147. What are the prime factors of -4 + (7 - -176) + l + 0?
2, 89
Suppose 4*p = -5*h + 7 + 47, -5*h = 10. Suppose p*v + 287 = 18*v - 5*o, v - o - 142 = 0. List the prime factors of v.
3, 47
Let h = -486 + 922. Suppose -h = 5*w - 9*w. What are the prime factors of w?
109
Let x(o) = -5*o + 61. Let a be x(0). Suppose 0*y - a = -y. Suppose 15 = 4*c - y. What are the prime factors of c?
19
Let q = -438 - -644. Let v = q - -190. What are the prime factors of v?
2, 3, 11
List the prime factors of (-3 - -312 - 1)/((-1)/(-14)).
2, 7, 11
Let k(g) = g**3 - 5*g**2 - g + 12. Let i be k(5). What are the prime factors of (-682)/(-154) + 4/i - -720?
5, 29
Let a(h) = h**3 - 16*h**2 - 12*h - 25. Let n be a(17). Let p = 60 - n. Suppose -5*v - 360 = -5*w - p*w, -5*v = w - 102. What are the prime factors of w?
7, 11
Let f(u) = u**3 - 11*u**2 + 9*u - 29. Let n be f(8). Let r = -43 - n. List the prime factors of r.
2, 53
Suppose 5*q + 4*c = 4*q + 12, -24 = -2*q + 2*c. Let j = -119 - -33. Let t = q - j. List the prime factors of t.
2, 7
Let z(f) = -157*f + 1149. What are the prime factors of z(-37)?
2, 7, 71
Suppose -2*b = 8*p - 6*p + 6, 4*b = 3*p + 23. List the prime factors of 56/((-156)/32 - p).
2, 7
Let z(n) = n**2 - 8*n - 30. Let o be z(11). Let l be (-8)/(-12) + 62/6 - o. Suppose l*h = 2*h + 276. List the prime factors of h.
2, 23
Suppose -28 = -5*d + 12*d. Let v(k) = 7*k - 7. Let n(f) = -14*f + 13. Let o(c) = d*n(c) - 9*v(c). What are the prime factors of o(-7)?
2, 3, 5
Suppose -w + 40*w + 37131 - 146448 = 0. What are the prime factors of w?
2803
What are the prime factors of (3119625/(-350))/(-45) + 2/(-28)?
2, 3, 11
Suppose 3*a - 4059 = 3*d - 8*d, -3*a = -d - 4059. Suppose 5*c = -2*v + 790, 5*v - 3359 + a = 3*c. What are the prime factors of v?
2, 5
Suppose 4*s + 8 = 0, -2*y + 3*s + 0*s = 106. Let h = y - -51. List the prime factors of 12/30 + 0 - 213/h.
43
Let c(q) = q + 55. Let b be c(-30). Suppose -356 - 1044 = -b*g. List the prime factors of g.
2, 7
Let v(u) = -u**2 - 15*u + 8. Suppose s + 75 = -4*s. Let n be v(s). Let p = 87 + n. What are the prime factors of p?
5, 19
Let j be -4 - -4 - 5 - 260. Let w = -100 - j. What are the prime factors of w?
3, 5, 11
Suppose 389 - 386 = 3*j. What are the prime factors of 3/j + -169*(-12 + 10)?
11, 31
Suppose x = -4*b + 9, 4*x - 3*b = 22 - 5. Let l(q) = 6*q + 34. Let j(d) = -7*d - 35. Let c(u) = x*j(u) + 6*l(u). What are the prime factors of c(-11)?
2, 3
Let y(f) = 33*f**2 - 52*f + 672. List the prime factors of y(17).
5, 373
Let p = -124 - 155. Let k = 55 - -402. Let z = k + p. List the prime factors of z.
2, 89
Suppose 242*o - 244*o = -8. Suppose 3*q + 4*z + 716 = 2298, -z = -o*q + 2084. List the prime factors of q.
2, 3, 29
Let p(b) = 4395*b + 2065. List the prime factors of p(13).
2, 5, 37
List the prime factors of 2 - -7 - -1166 - (-4 - -2).
11, 107
Let l(u) = -2*u**3 - u**2 + 5*u - 3. Suppose 0 = -2*v + 4*x - 4, -5*x - 22 = -7. Let z be l(v). List the prime factors of z/28 - 1/(-4).
3, 11
Suppose 0 = -2095*b + 2081*b + 42910 + 326606. What are the prime factors of b?
2, 3, 53, 83
Let s(u) = -76*u - 3991. What are the prime factors of s(-86)?
5, 509
Suppose 81*m + 137984 = 95*m. List the prime factors of m.
2, 7, 11
Let k(l) = 10*l - 27. Let h be k(4). Suppose -28 + 2680 = h*a. Let z = a - 42. List the prime factors of z.
2, 3
Suppose o = -0 + 4. Suppose 4 = -2*q, 4*s - 10 = o*q - 3*q. Suppose s*i - 2*a = -5*a + 41, 134 = 5*i - 3*a. What are the prime factors of i?
5
Let n = 14191 - 5704. What are the prime factors of n?
3, 23, 41
Let j(p) = -2*p**2 - 11*p 